{"id":1801,"date":"2017-04-07T15:38:33","date_gmt":"2017-04-07T14:38:33","guid":{"rendered":"http:\/\/4lv6.dydn.org\/?page_id=1801"},"modified":"2018-12-04T17:24:11","modified_gmt":"2018-12-04T16:24:11","slug":"ostern-2017","status":"publish","type":"page","link":"https:\/\/4lv6.de\/?page_id=1801","title":{"rendered":"Ostern &#8211; S\u00fcdfrankreich, Vias-Plage"},"content":{"rendered":"<style type=\"text\/css\">#map_1 {clear: both; padding: 0px; margin: 0px; border: 0px; width: 100%; height: 100%; margin-top:0px; margin-right:0px;margin-left:0px; margin-bottom:0px; left: 0px; border-radius:0px;\nbox-shadow: none;}#map_1 img{clear: both; padding: 0px; margin: 0px; border: 0px; width: 100%; height: 100%; position: absolute; margin-top:0px; margin-right:0px;margin-left:0px; margin-bottom:0px; border-radius:0px;\nbox-shadow: none;}<\/style><div id=\"map_1\" class=\"OSM_Map\" style=\"width:50%; height:400px; overflow:hidden;padding:0px;border:thin solid blue;\"><script type=\"text\/javascript\">\/* <![CDATA[ *\/(function($) { OpenLayers.ImgPath = \"https:\/\/4lv6.de\/wp-content\/plugins\/osm\/themes\/ol\/\"; map_1 = new OpenLayers.Map (\"map_1\", {            controls:[              new OpenLayers.Control.Navigation(),              new OpenLayers.Control.PanZoom(),              new OpenLayers.Control.Attribution()              ],          maxExtent: new OpenLayers.Bounds(-20037508.34,-20037508.34,20037508.34,20037508.34),          maxResolution: 156543.0399,          numZoomLevels: 19,          units: \"m\",          projection: new OpenLayers.Projection(\"EPSG:900913\"),          displayProjection: new OpenLayers.Projection(\"EPSG:4326\")      } );var layerMapnik = new OpenLayers.Layer.OSM.Mapnik(\"Mapnik\");var layerCycle  = new OpenLayers.Layer.OSM.CycleMap(\"CycleMap\");map_1.addLayers([layerMapnik, layerCycle]);map_1.addControl(new OpenLayers.Control.LayerSwitcher());var lonLat = new OpenLayers.LonLat(9.0,48.0).transform(map_1.displayProjection, map_1.projection);map_1.setCenter (lonLat,5);  function osm_map_1onPopupClose(evt) {    select.unselectAll();  }  function osm_map_1onFeatureSelect(event) {    var feature = event.feature;    var content = \"<b>\"+feature.attributes.name + \"<\/b> <br>\" + feature.attributes.description;    if (content.search(\"<script\") != -1) {       content = \"Content contained Javascript! Escaped content below.<br>\" + content.replace(\/<\/g, \"&lt;\");    }    popup = new OpenLayers.Popup.FramedCloud(\"OSM Plugin\",      feature.geometry.getBounds().getCenterLonLat(),        new OpenLayers.Size(200,100),        content,        null, true, osm_map_1onPopupClose);    popup.autoSize = true;    feature.popup = popup;    map_1.addPopup(popup);   }  function osm_map_1onFeatureUnselect(event) {    var feature = event.feature;    if(feature.popup) {      map_1.removePopup(feature.popup);      feature.popup.destroy();      delete feature.popup;    }     }  var lgml = new OpenLayers.Layer.Vector(\"..\/..\/..\/..\/wp-content\/uploads\/fahrten\/2017\/ostern-2017\/route.gpx\",{   strategies: [new OpenLayers.Strategy.Fixed()],\t  protocol: new OpenLayers.Protocol.HTTP({\t   url: \"..\/..\/..\/..\/wp-content\/uploads\/fahrten\/2017\/ostern-2017\/route.gpx\",\t   format: new OpenLayers.Format.GPX()\t  }),    style: {strokeColor: \"green\", strokeWidth: 5, strokeOpacity: 0.5},    projection: new OpenLayers.Projection(\"EPSG:4326\")  });  map_1.addLayer(lgml);var pois = new OpenLayers.Layer.Text( \"marker\",\n               { location:\"..\/..\/..\/..\/wp-content\/uploads\/fahrten\/2017\/ostern-2017\/marker.txt\",\n                 projection: map_1.displayProjection\n               });map_1.addLayer(pois);var lonLat = new OpenLayers.LonLat(9.0,48.0).transform(map_1.displayProjection, map_1.projection);map_1.setCenter (lonLat,5);})(jQuery)\/* ]]> *\/ <\/script><\/div>\n<p>&nbsp;<\/p>\n<p><a name=\"frielendorf\"><\/a><strong>8.4.17\u00a0<\/strong>Start bei 121263 km Richtung S\u00fcden. Gekommen sind wir bis nach Frielendorf. Weiter wollten wir auch gar nicht. Abends haben wir noch einen kleinen Spaziergang zu einem Cache gemacht.<br \/>\n<a href=\"https:\/\/4lv6.de\/wp-content\/uploads\/fahrten\/2017\/ostern-2017\/IMG_20170408_195618520_HDR.jpg\" rel=\"lightbox[1801]\"><img loading=\"lazy\" decoding=\"async\" class=\"aligncenter size-large wp-image-1812\" src=\"https:\/\/4lv6.de\/wp-content\/uploads\/fahrten\/2017\/ostern-2017\/IMG_20170408_195618520_HDR-1024x576.jpg\" alt=\"\" width=\"625\" height=\"352\" srcset=\"https:\/\/4lv6.de\/wp-content\/uploads\/fahrten\/2017\/ostern-2017\/IMG_20170408_195618520_HDR-1024x576.jpg 1024w, https:\/\/4lv6.de\/wp-content\/uploads\/fahrten\/2017\/ostern-2017\/IMG_20170408_195618520_HDR-300x169.jpg 300w, https:\/\/4lv6.de\/wp-content\/uploads\/fahrten\/2017\/ostern-2017\/IMG_20170408_195618520_HDR-768x432.jpg 768w, https:\/\/4lv6.de\/wp-content\/uploads\/fahrten\/2017\/ostern-2017\/IMG_20170408_195618520_HDR-624x351.jpg 624w\" sizes=\"auto, (max-width: 625px) 100vw, 625px\" \/><\/a><\/p>\n<p><a name=\"krozingen\"><\/a><strong>9.4.17\u00a0<\/strong>Unspektakul\u00e4r haben wir es bis nach Bad Krozingen auf den Stellplatz an der Therme geschafft. Abends habe ich den Druckminderer abgebaut, um die Gasleitungen durchzupusten, Leider haben wir vergessen, das Wasser aus der Sp\u00fcle zu lassen, deswegen sind 2 von 3 Herdflammen nicht zu gebrauchen. Das Durchpusten hat zumindest eine weitere Flamme in Gang gesetzt. Mir fehlt leider ein Torx T6, um die Abdeckungen zu l\u00f6sen.<br \/>\n<a href=\"https:\/\/4lv6.de\/wp-content\/uploads\/fahrten\/2017\/ostern-2017\/IMG_20170409_201632877.jpg\" rel=\"lightbox[1801]\"><img loading=\"lazy\" decoding=\"async\" class=\"aligncenter size-large wp-image-1811\" src=\"https:\/\/4lv6.de\/wp-content\/uploads\/fahrten\/2017\/ostern-2017\/IMG_20170409_201632877-1024x576.jpg\" alt=\"\" width=\"625\" height=\"352\" srcset=\"https:\/\/4lv6.de\/wp-content\/uploads\/fahrten\/2017\/ostern-2017\/IMG_20170409_201632877-1024x576.jpg 1024w, https:\/\/4lv6.de\/wp-content\/uploads\/fahrten\/2017\/ostern-2017\/IMG_20170409_201632877-300x169.jpg 300w, https:\/\/4lv6.de\/wp-content\/uploads\/fahrten\/2017\/ostern-2017\/IMG_20170409_201632877-768x432.jpg 768w, https:\/\/4lv6.de\/wp-content\/uploads\/fahrten\/2017\/ostern-2017\/IMG_20170409_201632877-624x351.jpg 624w\" sizes=\"auto, (max-width: 625px) 100vw, 625px\" \/><\/a><\/p>\n<p><a name=\"tain\"><\/a><strong>10.4.17\u00a0<\/strong>Flugs \u00fcber die Grenze und endlich Frankreich. Die Autobahnen sind leer. Nur in Lyon haben wir etwas im Stau gestanden. \u00dcbernachtung in Tain-L&#8217;Hermitage auf dem Municipal les Lucs f\u00fcr 20,10 Euro.<\/p>\n<p><a href=\"https:\/\/4lv6.de\/wp-content\/uploads\/fahrten\/2017\/ostern-2017\/IMG_20170410_115853745.jpg\" rel=\"lightbox[1801]\"><img loading=\"lazy\" decoding=\"async\" class=\"aligncenter size-large wp-image-1810\" src=\"https:\/\/4lv6.de\/wp-content\/uploads\/fahrten\/2017\/ostern-2017\/IMG_20170410_115853745-1024x576.jpg\" alt=\"\" width=\"625\" height=\"352\" srcset=\"https:\/\/4lv6.de\/wp-content\/uploads\/fahrten\/2017\/ostern-2017\/IMG_20170410_115853745-1024x576.jpg 1024w, https:\/\/4lv6.de\/wp-content\/uploads\/fahrten\/2017\/ostern-2017\/IMG_20170410_115853745-300x169.jpg 300w, https:\/\/4lv6.de\/wp-content\/uploads\/fahrten\/2017\/ostern-2017\/IMG_20170410_115853745-768x432.jpg 768w, https:\/\/4lv6.de\/wp-content\/uploads\/fahrten\/2017\/ostern-2017\/IMG_20170410_115853745-624x351.jpg 624w\" sizes=\"auto, (max-width: 625px) 100vw, 625px\" \/><\/a><\/p>\n<p><a name=\"vias\"><\/a><strong>11.4.17<\/strong><\/p>\n<p><a href=\"https:\/\/4lv6.de\/wp-content\/uploads\/fahrten\/2017\/ostern-2017\/IMG_20170411_111144007.jpg\" rel=\"lightbox[1801]\"><img loading=\"lazy\" decoding=\"async\" class=\"aligncenter size-large wp-image-1808\" src=\"https:\/\/4lv6.de\/wp-content\/uploads\/fahrten\/2017\/ostern-2017\/IMG_20170411_111144007-1024x576.jpg\" alt=\"\" width=\"625\" height=\"352\" srcset=\"https:\/\/4lv6.de\/wp-content\/uploads\/fahrten\/2017\/ostern-2017\/IMG_20170411_111144007-1024x576.jpg 1024w, https:\/\/4lv6.de\/wp-content\/uploads\/fahrten\/2017\/ostern-2017\/IMG_20170411_111144007-300x169.jpg 300w, https:\/\/4lv6.de\/wp-content\/uploads\/fahrten\/2017\/ostern-2017\/IMG_20170411_111144007-768x432.jpg 768w, https:\/\/4lv6.de\/wp-content\/uploads\/fahrten\/2017\/ostern-2017\/IMG_20170411_111144007-624x351.jpg 624w\" sizes=\"auto, (max-width: 625px) 100vw, 625px\" \/><\/a><\/p>\n<p>Mittelmeer nach 1400 km! Einkauf beim Carrefour und Einchecken auf dem Platz Camping M\u00e9diterran\u00e9e-Plage.<\/p>\n<p><strong>12.4.17<\/strong> Standortwechsel auf dem Platz, die Animation direkt neben uns nervt doch etwas. Kurzer Rundgang und ein sch\u00f6nes Pl\u00e4tzchen etwas weiter entfernt gefunden.<br \/>\n<a href=\"https:\/\/4lv6.de\/wp-content\/uploads\/fahrten\/2017\/ostern-2017\/IMG_20170414_114342769_HDR.jpg\" rel=\"lightbox[1801]\"><img loading=\"lazy\" decoding=\"async\" class=\"aligncenter size-large wp-image-1807\" src=\"https:\/\/4lv6.de\/wp-content\/uploads\/fahrten\/2017\/ostern-2017\/IMG_20170414_114342769_HDR-1024x576.jpg\" alt=\"\" width=\"625\" height=\"352\" srcset=\"https:\/\/4lv6.de\/wp-content\/uploads\/fahrten\/2017\/ostern-2017\/IMG_20170414_114342769_HDR-1024x576.jpg 1024w, https:\/\/4lv6.de\/wp-content\/uploads\/fahrten\/2017\/ostern-2017\/IMG_20170414_114342769_HDR-300x169.jpg 300w, https:\/\/4lv6.de\/wp-content\/uploads\/fahrten\/2017\/ostern-2017\/IMG_20170414_114342769_HDR-768x432.jpg 768w, https:\/\/4lv6.de\/wp-content\/uploads\/fahrten\/2017\/ostern-2017\/IMG_20170414_114342769_HDR-624x351.jpg 624w\" sizes=\"auto, (max-width: 625px) 100vw, 625px\" \/><\/a><\/p>\n<p><strong>12. &#8211; 14.3.17<\/strong>\u00a0Lesen, Chillen, Sonnenbrand. Bei Temperaturen von fast 26 Grad lassen wir es uns gut gehen. Ein wenig Basteln geht immer.<\/p>\n<p><a href=\"https:\/\/4lv6.de\/wp-content\/uploads\/wohnmobil\/reparaturen\/IMG_20170415_144603061_HDR.jpg\" rel=\"lightbox[1801]\"><img loading=\"lazy\" decoding=\"async\" class=\"aligncenter size-large wp-image-1826\" src=\"https:\/\/4lv6.de\/wp-content\/uploads\/wohnmobil\/reparaturen\/IMG_20170415_144603061_HDR-1024x576.jpg\" alt=\"\" width=\"625\" height=\"352\" srcset=\"https:\/\/4lv6.de\/wp-content\/uploads\/wohnmobil\/reparaturen\/IMG_20170415_144603061_HDR-1024x576.jpg 1024w, https:\/\/4lv6.de\/wp-content\/uploads\/wohnmobil\/reparaturen\/IMG_20170415_144603061_HDR-300x169.jpg 300w, https:\/\/4lv6.de\/wp-content\/uploads\/wohnmobil\/reparaturen\/IMG_20170415_144603061_HDR-768x432.jpg 768w, https:\/\/4lv6.de\/wp-content\/uploads\/wohnmobil\/reparaturen\/IMG_20170415_144603061_HDR-624x351.jpg 624w\" sizes=\"auto, (max-width: 625px) 100vw, 625px\" \/><\/a><\/p>\n<p>Kleine Filzgleiter bei der Badt\u00fcr und Kleiderschrank angeklebt, so klappert das Gest\u00e4nge \u00fcberhaupt nicht mehr, wenn die T\u00fcr benutzt wird.<\/p>\n<p><strong>15.04.17<\/strong> \u00a0Heute ist unangenehm k\u00fchl, ich muss mir eine lange Hose, Pullover und Socken anziehen, wenn ich draussen sitze. Gegen Mittag wird es w\u00e4rmer, es sind jetzt 19 Grad und die Sonne kommt raus.<\/p>\n<p><a href=\"https:\/\/4lv6.de\/wp-content\/uploads\/fahrten\/2017\/ostern-2017\/IMG_20170417_203539803_HDR.jpg\" rel=\"lightbox[1801]\"><img loading=\"lazy\" decoding=\"async\" class=\"aligncenter size-large wp-image-1831\" src=\"https:\/\/4lv6.de\/wp-content\/uploads\/fahrten\/2017\/ostern-2017\/IMG_20170417_203539803_HDR-1024x576.jpg\" alt=\"\" width=\"625\" height=\"352\" srcset=\"https:\/\/4lv6.de\/wp-content\/uploads\/fahrten\/2017\/ostern-2017\/IMG_20170417_203539803_HDR-1024x576.jpg 1024w, https:\/\/4lv6.de\/wp-content\/uploads\/fahrten\/2017\/ostern-2017\/IMG_20170417_203539803_HDR-300x169.jpg 300w, https:\/\/4lv6.de\/wp-content\/uploads\/fahrten\/2017\/ostern-2017\/IMG_20170417_203539803_HDR-768x432.jpg 768w, https:\/\/4lv6.de\/wp-content\/uploads\/fahrten\/2017\/ostern-2017\/IMG_20170417_203539803_HDR-624x351.jpg 624w\" sizes=\"auto, (max-width: 625px) 100vw, 625px\" \/><\/a><\/p>\n<p><strong>16. und 17.04.17<\/strong> Nichts passiert. \ud83d\ude09<\/p>\n<p><a name=\"visan\"><\/a><strong>18.4.17<\/strong> Abfahrt gegen 11:30 Uhr vom Platz. 149 Euro haben wir f\u00fcr 7 Tage gezahlt. Noch schnell Einkaufen, Tanken und auf die Bahn. Weit wollen wir heute nicht fahren, nur ein wenig nach Norden. Der Wind wird immer schlimmer, im Rhone-Tal bl\u00e4st er so stark, dass ich nur hinter den LKW herfahre. Wir landen auf dem kleinen Platz l&#8217;Herein bei Visan, 21,30 Euro. 200 km haben wir nur geschafft. Um 20 Uhr haben wir nur noch 11 Grad. Um 21 Uhr l\u00e4sst der Wind nach. Ich hatte schon ein wenig Sorgen ob der mit Efeu bewachsenen B\u00e4ume.<\/p>\n<p><a href=\"https:\/\/4lv6.de\/wp-content\/uploads\/fahrten\/2017\/ostern-2017\/IMG_20170418_202751022_HDR.jpg\" rel=\"lightbox[1801]\"><img loading=\"lazy\" decoding=\"async\" class=\"aligncenter size-large wp-image-1830\" src=\"https:\/\/4lv6.de\/wp-content\/uploads\/fahrten\/2017\/ostern-2017\/IMG_20170418_202751022_HDR-1024x576.jpg\" alt=\"\" width=\"625\" height=\"352\" srcset=\"https:\/\/4lv6.de\/wp-content\/uploads\/fahrten\/2017\/ostern-2017\/IMG_20170418_202751022_HDR-1024x576.jpg 1024w, https:\/\/4lv6.de\/wp-content\/uploads\/fahrten\/2017\/ostern-2017\/IMG_20170418_202751022_HDR-300x169.jpg 300w, https:\/\/4lv6.de\/wp-content\/uploads\/fahrten\/2017\/ostern-2017\/IMG_20170418_202751022_HDR-768x432.jpg 768w, https:\/\/4lv6.de\/wp-content\/uploads\/fahrten\/2017\/ostern-2017\/IMG_20170418_202751022_HDR-624x351.jpg 624w\" sizes=\"auto, (max-width: 625px) 100vw, 625px\" \/><\/a><\/p>\n<p><a name=\"ripettes\"><\/a><strong>19.4.17<\/strong> Morgens waren es nur 6 Grad draussen. Sehr sp\u00e4t vom Platz gefahren. Nur Autobahn bis um 15 Uhr. Danach gab es noch lecker Kuchen. Mal wieder Camping les Ripettes, hat aber l\u00e4nger gedauert, weil wir uns in Pont-du-Vaux verfahren haben. Die Sonne scheint, aber mit 12 Grad doch zu k\u00fchl zum draussen sitzen.<\/p>\n<p><a href=\"https:\/\/4lv6.de\/wp-content\/uploads\/fahrten\/2017\/ostern-2017\/IMG_20170419_181908643.jpg\" rel=\"lightbox[1801]\"><img loading=\"lazy\" decoding=\"async\" class=\"aligncenter size-large wp-image-1843\" src=\"https:\/\/4lv6.de\/wp-content\/uploads\/fahrten\/2017\/ostern-2017\/IMG_20170419_181908643-1024x576.jpg\" alt=\"\" width=\"625\" height=\"352\" srcset=\"https:\/\/4lv6.de\/wp-content\/uploads\/fahrten\/2017\/ostern-2017\/IMG_20170419_181908643-1024x576.jpg 1024w, https:\/\/4lv6.de\/wp-content\/uploads\/fahrten\/2017\/ostern-2017\/IMG_20170419_181908643-300x169.jpg 300w, https:\/\/4lv6.de\/wp-content\/uploads\/fahrten\/2017\/ostern-2017\/IMG_20170419_181908643-768x432.jpg 768w, https:\/\/4lv6.de\/wp-content\/uploads\/fahrten\/2017\/ostern-2017\/IMG_20170419_181908643-624x351.jpg 624w\" sizes=\"auto, (max-width: 625px) 100vw, 625px\" \/><\/a><\/p>\n<p><a name=\"oberkirch\"><\/a><strong>20.4.17<\/strong> Nach ereignisloser Fahrt aus Frankreich nach Deutschland sind wir im Schwarzwald auf dem Stellplatz an der Schauenburg bei Oberkirch gelandet. Wir sind ganz alleine hier. Noch kurz in die Burgwirtschaft und die Geb\u00fchr von 10 Euro entrichtet, die Ruine angeschaut und lecker badisches Essen im Gasthof genossen. Die Nacht war herrlich ruhig, nur der Bach hat gepl\u00e4tschert.<br \/>\n<a href=\"https:\/\/4lv6.de\/wp-content\/uploads\/fahrten\/2017\/ostern-2017\/IMG_20170420_173214535_HDR.jpg\" rel=\"lightbox[1801]\"><img loading=\"lazy\" decoding=\"async\" class=\"aligncenter size-large wp-image-1861\" src=\"https:\/\/4lv6.de\/wp-content\/uploads\/fahrten\/2017\/ostern-2017\/IMG_20170420_173214535_HDR-1024x576.jpg\" alt=\"\" width=\"625\" height=\"352\" srcset=\"https:\/\/4lv6.de\/wp-content\/uploads\/fahrten\/2017\/ostern-2017\/IMG_20170420_173214535_HDR-1024x576.jpg 1024w, https:\/\/4lv6.de\/wp-content\/uploads\/fahrten\/2017\/ostern-2017\/IMG_20170420_173214535_HDR-300x169.jpg 300w, https:\/\/4lv6.de\/wp-content\/uploads\/fahrten\/2017\/ostern-2017\/IMG_20170420_173214535_HDR-768x432.jpg 768w, https:\/\/4lv6.de\/wp-content\/uploads\/fahrten\/2017\/ostern-2017\/IMG_20170420_173214535_HDR-624x351.jpg 624w\" sizes=\"auto, (max-width: 625px) 100vw, 625px\" \/><\/a><\/p>\n<figure id=\"attachment_1860\" aria-describedby=\"caption-attachment-1860\" style=\"width: 625px\" class=\"wp-caption aligncenter\"><a href=\"https:\/\/4lv6.de\/wp-content\/uploads\/fahrten\/2017\/ostern-2017\/IMG_20170420_173859588.jpg\" rel=\"lightbox[1801]\"><img loading=\"lazy\" decoding=\"async\" class=\"wp-image-1860 size-large\" src=\"https:\/\/4lv6.de\/wp-content\/uploads\/fahrten\/2017\/ostern-2017\/IMG_20170420_173859588-1024x576.jpg\" alt=\"\" width=\"625\" height=\"352\" srcset=\"https:\/\/4lv6.de\/wp-content\/uploads\/fahrten\/2017\/ostern-2017\/IMG_20170420_173859588-1024x576.jpg 1024w, https:\/\/4lv6.de\/wp-content\/uploads\/fahrten\/2017\/ostern-2017\/IMG_20170420_173859588-300x169.jpg 300w, https:\/\/4lv6.de\/wp-content\/uploads\/fahrten\/2017\/ostern-2017\/IMG_20170420_173859588-768x432.jpg 768w, https:\/\/4lv6.de\/wp-content\/uploads\/fahrten\/2017\/ostern-2017\/IMG_20170420_173859588-624x351.jpg 624w\" sizes=\"auto, (max-width: 625px) 100vw, 625px\" \/><\/a><figcaption id=\"caption-attachment-1860\" class=\"wp-caption-text\">Von der Ruine auf den Stellplatz, wo ist das Mobil?<\/figcaption><\/figure>\n<p><a href=\"https:\/\/4lv6.de\/wp-content\/uploads\/fahrten\/2017\/ostern-2017\/IMG_20170420_194800792_HDR.jpg\" rel=\"lightbox[1801]\"><img loading=\"lazy\" decoding=\"async\" class=\"aligncenter size-large wp-image-1858\" src=\"https:\/\/4lv6.de\/wp-content\/uploads\/fahrten\/2017\/ostern-2017\/IMG_20170420_194800792_HDR-1024x576.jpg\" alt=\"\" width=\"625\" height=\"352\" srcset=\"https:\/\/4lv6.de\/wp-content\/uploads\/fahrten\/2017\/ostern-2017\/IMG_20170420_194800792_HDR-1024x576.jpg 1024w, https:\/\/4lv6.de\/wp-content\/uploads\/fahrten\/2017\/ostern-2017\/IMG_20170420_194800792_HDR-300x169.jpg 300w, https:\/\/4lv6.de\/wp-content\/uploads\/fahrten\/2017\/ostern-2017\/IMG_20170420_194800792_HDR-768x432.jpg 768w, https:\/\/4lv6.de\/wp-content\/uploads\/fahrten\/2017\/ostern-2017\/IMG_20170420_194800792_HDR-624x351.jpg 624w\" sizes=\"auto, (max-width: 625px) 100vw, 625px\" \/><\/a><\/p>\n<p><a href=\"https:\/\/4lv6.de\/wp-content\/uploads\/fahrten\/2017\/ostern-2017\/IMG_20170420_195936211_HDR.jpg\" rel=\"lightbox[1801]\"><img loading=\"lazy\" decoding=\"async\" class=\"aligncenter size-large wp-image-1857\" src=\"https:\/\/4lv6.de\/wp-content\/uploads\/fahrten\/2017\/ostern-2017\/IMG_20170420_195936211_HDR-1024x576.jpg\" alt=\"\" width=\"625\" height=\"352\" srcset=\"https:\/\/4lv6.de\/wp-content\/uploads\/fahrten\/2017\/ostern-2017\/IMG_20170420_195936211_HDR-1024x576.jpg 1024w, https:\/\/4lv6.de\/wp-content\/uploads\/fahrten\/2017\/ostern-2017\/IMG_20170420_195936211_HDR-300x169.jpg 300w, https:\/\/4lv6.de\/wp-content\/uploads\/fahrten\/2017\/ostern-2017\/IMG_20170420_195936211_HDR-768x432.jpg 768w, https:\/\/4lv6.de\/wp-content\/uploads\/fahrten\/2017\/ostern-2017\/IMG_20170420_195936211_HDR-624x351.jpg 624w\" sizes=\"auto, (max-width: 625px) 100vw, 625px\" \/><\/a><\/p>\n<p><a href=\"https:\/\/4lv6.de\/wp-content\/uploads\/fahrten\/2017\/ostern-2017\/IMG_20170420_202525317_HDR.jpg\" rel=\"lightbox[1801]\"><img loading=\"lazy\" decoding=\"async\" class=\"aligncenter size-large wp-image-1854\" src=\"https:\/\/4lv6.de\/wp-content\/uploads\/fahrten\/2017\/ostern-2017\/IMG_20170420_202525317_HDR-1024x576.jpg\" alt=\"\" width=\"625\" height=\"352\" srcset=\"https:\/\/4lv6.de\/wp-content\/uploads\/fahrten\/2017\/ostern-2017\/IMG_20170420_202525317_HDR-1024x576.jpg 1024w, https:\/\/4lv6.de\/wp-content\/uploads\/fahrten\/2017\/ostern-2017\/IMG_20170420_202525317_HDR-300x169.jpg 300w, https:\/\/4lv6.de\/wp-content\/uploads\/fahrten\/2017\/ostern-2017\/IMG_20170420_202525317_HDR-768x432.jpg 768w, https:\/\/4lv6.de\/wp-content\/uploads\/fahrten\/2017\/ostern-2017\/IMG_20170420_202525317_HDR-624x351.jpg 624w\" sizes=\"auto, (max-width: 625px) 100vw, 625px\" \/><\/a><\/p>\n<p><a href=\"https:\/\/4lv6.de\/wp-content\/uploads\/fahrten\/2017\/ostern-2017\/IMG_20170420_202543225_HDR.jpg\" rel=\"lightbox[1801]\"><img loading=\"lazy\" decoding=\"async\" class=\"aligncenter size-large wp-image-1853\" src=\"https:\/\/4lv6.de\/wp-content\/uploads\/fahrten\/2017\/ostern-2017\/IMG_20170420_202543225_HDR-1024x576.jpg\" alt=\"\" width=\"625\" height=\"352\" srcset=\"https:\/\/4lv6.de\/wp-content\/uploads\/fahrten\/2017\/ostern-2017\/IMG_20170420_202543225_HDR-1024x576.jpg 1024w, https:\/\/4lv6.de\/wp-content\/uploads\/fahrten\/2017\/ostern-2017\/IMG_20170420_202543225_HDR-300x169.jpg 300w, https:\/\/4lv6.de\/wp-content\/uploads\/fahrten\/2017\/ostern-2017\/IMG_20170420_202543225_HDR-768x432.jpg 768w, https:\/\/4lv6.de\/wp-content\/uploads\/fahrten\/2017\/ostern-2017\/IMG_20170420_202543225_HDR-624x351.jpg 624w\" sizes=\"auto, (max-width: 625px) 100vw, 625px\" \/><\/a><\/p>\n<p><a href=\"https:\/\/4lv6.de\/wp-content\/uploads\/fahrten\/2017\/ostern-2017\/IMG_20170420_202601879_HDR.jpg\" rel=\"lightbox[1801]\"><img loading=\"lazy\" decoding=\"async\" class=\"aligncenter size-large wp-image-1851\" src=\"https:\/\/4lv6.de\/wp-content\/uploads\/fahrten\/2017\/ostern-2017\/IMG_20170420_202601879_HDR-1024x576.jpg\" alt=\"\" width=\"625\" height=\"352\" srcset=\"https:\/\/4lv6.de\/wp-content\/uploads\/fahrten\/2017\/ostern-2017\/IMG_20170420_202601879_HDR-1024x576.jpg 1024w, https:\/\/4lv6.de\/wp-content\/uploads\/fahrten\/2017\/ostern-2017\/IMG_20170420_202601879_HDR-300x169.jpg 300w, https:\/\/4lv6.de\/wp-content\/uploads\/fahrten\/2017\/ostern-2017\/IMG_20170420_202601879_HDR-768x432.jpg 768w, https:\/\/4lv6.de\/wp-content\/uploads\/fahrten\/2017\/ostern-2017\/IMG_20170420_202601879_HDR-624x351.jpg 624w\" sizes=\"auto, (max-width: 625px) 100vw, 625px\" \/><\/a><\/p>\n<p><a href=\"https:\/\/4lv6.de\/wp-content\/uploads\/fahrten\/2017\/ostern-2017\/IMG_20170420_202614033_HDR.jpg\" rel=\"lightbox[1801]\"><img loading=\"lazy\" decoding=\"async\" class=\"aligncenter size-large wp-image-1850\" src=\"https:\/\/4lv6.de\/wp-content\/uploads\/fahrten\/2017\/ostern-2017\/IMG_20170420_202614033_HDR-1024x576.jpg\" alt=\"\" width=\"625\" height=\"352\" srcset=\"https:\/\/4lv6.de\/wp-content\/uploads\/fahrten\/2017\/ostern-2017\/IMG_20170420_202614033_HDR-1024x576.jpg 1024w, https:\/\/4lv6.de\/wp-content\/uploads\/fahrten\/2017\/ostern-2017\/IMG_20170420_202614033_HDR-300x169.jpg 300w, https:\/\/4lv6.de\/wp-content\/uploads\/fahrten\/2017\/ostern-2017\/IMG_20170420_202614033_HDR-768x432.jpg 768w, https:\/\/4lv6.de\/wp-content\/uploads\/fahrten\/2017\/ostern-2017\/IMG_20170420_202614033_HDR-624x351.jpg 624w\" sizes=\"auto, (max-width: 625px) 100vw, 625px\" \/><\/a><\/p>\n<p><a href=\"https:\/\/4lv6.de\/wp-content\/uploads\/fahrten\/2017\/ostern-2017\/IMG_20170420_202620185_HDR.jpg\" rel=\"lightbox[1801]\"><img loading=\"lazy\" decoding=\"async\" class=\"aligncenter size-large wp-image-1849\" src=\"https:\/\/4lv6.de\/wp-content\/uploads\/fahrten\/2017\/ostern-2017\/IMG_20170420_202620185_HDR-1024x576.jpg\" alt=\"\" width=\"625\" height=\"352\" srcset=\"https:\/\/4lv6.de\/wp-content\/uploads\/fahrten\/2017\/ostern-2017\/IMG_20170420_202620185_HDR-1024x576.jpg 1024w, https:\/\/4lv6.de\/wp-content\/uploads\/fahrten\/2017\/ostern-2017\/IMG_20170420_202620185_HDR-300x169.jpg 300w, https:\/\/4lv6.de\/wp-content\/uploads\/fahrten\/2017\/ostern-2017\/IMG_20170420_202620185_HDR-768x432.jpg 768w, https:\/\/4lv6.de\/wp-content\/uploads\/fahrten\/2017\/ostern-2017\/IMG_20170420_202620185_HDR-624x351.jpg 624w\" sizes=\"auto, (max-width: 625px) 100vw, 625px\" \/><\/a><\/p>\n<p><a href=\"https:\/\/4lv6.de\/wp-content\/uploads\/fahrten\/2017\/ostern-2017\/IMG_20170420_202635992_HDR.jpg\" rel=\"lightbox[1801]\"><img loading=\"lazy\" decoding=\"async\" class=\"aligncenter size-large wp-image-1848\" src=\"https:\/\/4lv6.de\/wp-content\/uploads\/fahrten\/2017\/ostern-2017\/IMG_20170420_202635992_HDR-1024x576.jpg\" alt=\"\" width=\"625\" height=\"352\" srcset=\"https:\/\/4lv6.de\/wp-content\/uploads\/fahrten\/2017\/ostern-2017\/IMG_20170420_202635992_HDR-1024x576.jpg 1024w, https:\/\/4lv6.de\/wp-content\/uploads\/fahrten\/2017\/ostern-2017\/IMG_20170420_202635992_HDR-300x169.jpg 300w, https:\/\/4lv6.de\/wp-content\/uploads\/fahrten\/2017\/ostern-2017\/IMG_20170420_202635992_HDR-768x432.jpg 768w, https:\/\/4lv6.de\/wp-content\/uploads\/fahrten\/2017\/ostern-2017\/IMG_20170420_202635992_HDR-624x351.jpg 624w\" sizes=\"auto, (max-width: 625px) 100vw, 625px\" \/><\/a><\/p>\n<p><a href=\"https:\/\/4lv6.de\/wp-content\/uploads\/fahrten\/2017\/ostern-2017\/IMG_20170420_202656448_HDR.jpg\" rel=\"lightbox[1801]\"><img loading=\"lazy\" decoding=\"async\" class=\"aligncenter size-large wp-image-1847\" src=\"https:\/\/4lv6.de\/wp-content\/uploads\/fahrten\/2017\/ostern-2017\/IMG_20170420_202656448_HDR-1024x576.jpg\" alt=\"\" width=\"625\" height=\"352\" srcset=\"https:\/\/4lv6.de\/wp-content\/uploads\/fahrten\/2017\/ostern-2017\/IMG_20170420_202656448_HDR-1024x576.jpg 1024w, https:\/\/4lv6.de\/wp-content\/uploads\/fahrten\/2017\/ostern-2017\/IMG_20170420_202656448_HDR-300x169.jpg 300w, https:\/\/4lv6.de\/wp-content\/uploads\/fahrten\/2017\/ostern-2017\/IMG_20170420_202656448_HDR-768x432.jpg 768w, https:\/\/4lv6.de\/wp-content\/uploads\/fahrten\/2017\/ostern-2017\/IMG_20170420_202656448_HDR-624x351.jpg 624w\" sizes=\"auto, (max-width: 625px) 100vw, 625px\" \/><\/a><\/p>\n<p><a name=\"abbensen\"><\/a><strong>21.4.17<\/strong> Den Sohnemann zu hause abgeladen und weiter nach Abbensen. Tankung bei km 124296 = insgesamt 3033 km. Kurz zu Feinkost Albrecht und auf den Platz. Abends noch ein paar Latten gestrichen.<\/p>\n","protected":false},"excerpt":{"rendered":"<p>&nbsp; 8.4.17\u00a0Start bei 121263 km Richtung S\u00fcden. Gekommen sind wir bis nach Frielendorf. Weiter wollten wir auch gar nicht. Abends haben wir noch einen kleinen Spaziergang zu einem Cache gemacht. 9.4.17\u00a0Unspektakul\u00e4r haben wir es bis nach Bad Krozingen auf den Stellplatz an der Therme geschafft. Abends habe ich den Druckminderer abgebaut, um die Gasleitungen durchzupusten, &hellip; <a href=\"https:\/\/4lv6.de\/?page_id=1801\" class=\"more-link\"><span class=\"screen-reader-text\">Ostern &#8211; S\u00fcdfrankreich, Vias-Plage<\/span> weiterlesen<\/a><\/p>\n","protected":false},"author":6,"featured_media":0,"parent":387,"menu_order":0,"comment_status":"closed","ping_status":"closed","template":"","meta":{"footnotes":""},"class_list":["post-1801","page","type-page","status-publish","hentry"],"_links":{"self":[{"href":"https:\/\/4lv6.de\/index.php?rest_route=\/wp\/v2\/pages\/1801","targetHints":{"allow":["GET"]}}],"collection":[{"href":"https:\/\/4lv6.de\/index.php?rest_route=\/wp\/v2\/pages"}],"about":[{"href":"https:\/\/4lv6.de\/index.php?rest_route=\/wp\/v2\/types\/page"}],"author":[{"embeddable":true,"href":"https:\/\/4lv6.de\/index.php?rest_route=\/wp\/v2\/users\/6"}],"replies":[{"embeddable":true,"href":"https:\/\/4lv6.de\/index.php?rest_route=%2Fwp%2Fv2%2Fcomments&post=1801"}],"version-history":[{"count":30,"href":"https:\/\/4lv6.de\/index.php?rest_route=\/wp\/v2\/pages\/1801\/revisions"}],"predecessor-version":[{"id":2979,"href":"https:\/\/4lv6.de\/index.php?rest_route=\/wp\/v2\/pages\/1801\/revisions\/2979"}],"up":[{"embeddable":true,"href":"https:\/\/4lv6.de\/index.php?rest_route=\/wp\/v2\/pages\/387"}],"wp:attachment":[{"href":"https:\/\/4lv6.de\/index.php?rest_route=%2Fwp%2Fv2%2Fmedia&parent=1801"}],"curies":[{"name":"wp","href":"https:\/\/api.w.org\/{rel}","templated":true}]}}